of x?
5
Let b = -4567 + 13863. What is the units digit of b?
6
Suppose -2*a + 8 = 0, -3*a + 82 = 6*g - g. Suppose -g*i + 6*i = -24. Suppose 472 = 2*c + 4*s, -i*s + 7*s + 8 = 0. What is the units digit of c?
0
Let g = -856 - -498. Let a = g + 704. What is the tens digit of a?
4
Let n = 4083 + -2841. What is the tens digit of n?
4
Suppose 0*v + 3*v + 48 = 2*b, -4*b + 3*v = -84. Suppose -b*l - 762 = -24*l. Let t = l - -27. What is the units digit of t?
4
What is the tens digit of (-8048)/(39/117 + 30/(-63))?
3
Let x be 11/(55/(-190)) + 15/3. Let w = 861 + x. What is the tens digit of w?
2
Suppose y + 19 = 71. Suppose -y = -5*s + 3*s. What is the tens digit of s?
2
Suppose 13*g - 6*g = 14. What is the tens digit of 654*(12/(-8) + g)?
2
Let y be (-12)/(-1*(-15)/(-50)). Suppose -y = 4*p - 56. Suppose -5*u + 612 = p*u. What is the units digit of u?
8
Suppose 0 = i + 428 - 146. Let b = 287 + i. What is the units digit of b?
5
Let n = -561 + 563. Suppose 5*u + 3*v = -n*v + 4250, -4*u + 4*v = -3416. What is the tens digit of u?
5
Let o(q) = -q - 1. Let r be ((-3)/1 + 4)/((-1)/3). Let g be o(r). Suppose 5*a - 261 = -4*m, -2*m = -m + g*a - 69. What is the tens digit of m?
5
Suppose -19 = -k - 2*j - 2*j, -12 = 2*k - 2*j. Let y be k + 4 + (-6)/2. Suppose 18*t - 21*t + 243 = y. What is the units digit of t?
1
Let u(c) = -18*c**2 - c - 6. Let l be u(-3). Let w = 198 - l. What is the hundreds digit of w?
3
Let b be (3 - 4)/(-2*(-2)/(-8)). Let j be b/((-3)/6*(4 - 2)). What is the units digit of (-6)/(-4*-2*j/152)?
7
Suppose 0 = 41*b - 15*b - 14*b - 11628. What is the tens digit of b?
6
Let k = 1731 - 1081. Let u = 941 - k. What is the units digit of u?
1
Let a = 13014 + 15100. What is the hundreds digit of a?
1
Let y(m) = 5*m**2 - 40*m + 365. What is the hundreds digit of y(41)?
1
Let j = -649 + 1131. Let m = j - 93. What is the units digit of m?
9
Let q(r) = 2149*r - 12. Let y be q(3). What is the units digit of (-1)/4 + y/12 + 2?
8
Let n(y) = 27789*y**3 - 3*y**2 + 40*y - 41. What is the thousands digit of n(1)?
7
Let h = 8161 - 5470. Suppose h = 3*m - 3*a + 354, 2*m - 4*a = 1550. What is the tens digit of m?
8
Let l(g) = 6*g**2 + 75*g + 1768. What is the units digit of l(-57)?
7
Suppose 0*n + 28 = -14*n. What is the hundreds digit of 105 + n + 4 + -2?
1
Let l(u) = -4*u + 26. Let t(s) = 2. Let y(r) = l(r) + 4*t(r). Let m be y(0). Suppose 38*o = m*o + 724. What is the units digit of o?
1
Let v be (-80)/5*1419/(-6). What is the hundreds digit of v/8*(-2)/(-2)?
4
What is the tens digit of (12/(-5))/(1431/(-37830870))?
4
Let k = -7 - -6. Let f(w) = -103*w - 10. Let n be f(k). Let t = 160 + n. What is the units digit of t?
3
Suppose 5*t = k + 8, 20 = 6*t - t. Suppose 0 = -3*r + k, -3*v - 6*r + 8*r = -799. What is the units digit of v?
9
Let y(k) = -k + 1. Let x be y(-27). What is the hundreds digit of 331*1 + (-7)/(x/(-8))?
3
Let d(v) = -5*v**3 + v**2 + v + 5. Let p be d(4). Let w = 352 + p. What is the tens digit of w?
5
Suppose -12*m + 111 = -11*m. Let n = -23 + m. Let c = n - -29. What is the hundreds digit of c?
1
Suppose 13 = -4*k - r, 3*k - 1 = 2*r + 3. Let a(b) = -155*b - 3701. Let v be a(-24). What is the tens digit of v + (4 + k)/(-2) + 3?
2
Suppose -40*p + 14883 = -7*p. Suppose -p*y + 9072 = -444*y. What is the units digit of y?
6
Let u(s) = s**2 + 9*s + 8. Let v be u(-8). Suppose v = 3*y - 6*y + 6. Suppose y*p - 3*p + 5*n = -42, 4*n = 3*p - 104. What is the units digit of p?
2
Let m(i) = -42*i - 7. Suppose 0*j = 4*j + 16. What is the hundreds digit of m(j)?
1
Let g(o) = -65*o - 1950. What is the tens digit of g(-81)?
1
Suppose 2*l + 5*o - 47 + 112 = 0, 70 = -3*l - 2*o. What is the hundreds digit of 8/l - -3*(-6022)/(-15)?
2
Suppose g - 7 + 3 = k, -4*g = 3*k + 5. What is the hundreds digit of 5/k*-3*73?
3
Let z be 4*467*(-14)/(-14). Suppose -4*d - 3*y = -5*y - 1898, 4*d + 4*y = z. What is the tens digit of d?
7
Suppose -3*v - 20*q + 18*q + 68910 = 0, 5*v = -q + 114857. What is the units digit of v?
2
Suppose 46*o + 203*o - 231286 + 62464 = 0. What is the hundreds digit of o?
6
Suppose 0 = 3*g + 6 - 12. Let h(b) = -88 + 3*b + 152 - g*b. What is the tens digit of h(0)?
6
Let f(z) = 4*z**2 - 5*z + 1. Let t = -11 + 8. Let w be 13/t - 3/(-36)*4. What is the tens digit of f(w)?
8
Suppose -546 - 182 = 5*f - 4*m, -4*f - 4*m - 604 = 0. Let h = -568 + 290. Let z = f - h. What is the units digit of z?
0
Suppose 17 = -6*b + 5. Let n be (-15)/((0 - b) + (-2)/4). What is the tens digit of 3*(n/(-1) + 2)?
3
Suppose -90*l = -526948 - 1139222. What is the thousands digit of l?
8
Let g = 498 - 513. What is the thousands digit of (-8)/28 - g/21*1945?
1
Let v = -14985 - -96460. What is the thousands digit of v?
1
Suppose -2*r - 32*s + 34*s + 5642 = 0, -5*s = 4*r - 11320. What is the units digit of r?
5
Let z(p) = -771*p - 2666. What is the ten thousands digit of z(-17)?
1
Let m = 2 + 1. Let o(x) = 2*x**3 - 5 - 4*x**2 + 2*x - m - 3*x**3 + 2*x. What is the hundreds digit of o(-7)?
1
Let q(f) = -7*f - 4*f + 6*f + 59. Let m be q(13). What is the units digit of 15/m*54/(-5)?
7
Suppose 117*h - 937539 - 728427 = 15*h. What is the hundreds digit of h?
3
Suppose 5*p + 318 = 4*r - r, 3*r = p + 306. Let w = r - 96. Suppose 5*f = -0*f, -w*f = 3*x - 285. What is the tens digit of x?
9
Suppose -3 = -t + 3. Suppose 5*i + 25 = 0, -24 = -t*s + 3*s + 3*i. What is the units digit of s?
3
Let i(y) = y**2 - 16*y + 38. Let d(w) = w**3 - 4*w**2 - 8*w - 7. Let l = 20 + -14. Let u be d(l). What is the units digit of i(u)?
5
Suppose 8216*z = 8230*z - 108318. What is the tens digit of z?
3
Suppose -3*o + 0*o = -4*v + 29, 3*o = -v - 4. Let k(j) = -34*j**3 + j**2 - 14*j - 48. What is the hundreds digit of k(o)?
9
Suppose 0 = -11*d - d + 121548. What is the thousands digit of d?
0
Suppose 23*z - 25*z = -4. Suppose -z = 8*h - 7*h. Let i(q) = -18*q - 11. What is the units digit of i(h)?
5
What is the hundreds digit of (-3)/(((-429)/160567)/13) - 7?
5
Let l = 128 + -64. Suppose -l = -r + 10. What is the units digit of r?
4
Suppose -5*h = 5*i - 40, -10*i = -6*i + 5*h - 35. Let k be ((-24)/5)/((-6)/40). Suppose i*j = 4*d + 208, k = 2*j - d - 53. What is the units digit of j?
4
Let z be (0 + 2/4)*(-20 + 2). What is the tens digit of -162*(-12)/(-16)*6/z?
8
Let q be (-6)/(5 - (2 - -5)). Suppose 0 = r + 1, -q*b + 5*r = -445 + 95. What is the tens digit of b?
1
What is the hundreds digit of (-4)/(-90) - (-87420784)/3960?
0
Let d(t) be the first derivative of 8*t**3/3 + t**2 - 25*t - 14. Let c be d(-7). Suppose -b - 2*b - c = -2*m, m - 181 = -3*b. What is the hundreds digit of m?
1
Let o(q) = -39*q**2 + 2*q. Let h be o(1). Let w = 41 + h. Suppose 2*y - w = -0*y. What is the units digit of y?
2
Suppose 0 = 2*y - 6, -72*b + 341537 = -67*b - y. What is the hundreds digit of b?
3
What is the tens digit of (-2)/17 - 3022404/(-68) - 4?
4
Suppose -6*n + 0 = -702. Let m = -47 + n. What is the tens digit of m?
7
Suppose m + 4*b - 29475 = 0, 37538 - 184813 = -5*m + 5*b. What is the ten thousands digit of m?
2
Suppose -125*r + 3458538 = -1192675 + 908338. What is the units digit of r?
3
Let i be (-15)/45 + (-25)/(-3). Let g(a) = -10*a**2 + 40*a - 62. Let j(y) = 3*y**2 - 13*y + 21. Let t(d) = -2*g(d) - 7*j(d). What is the units digit of t(i)?
1
Let h = -22 - -16. Let n(c) be the third derivative of -25*c**4/24 + c**3/6 - 80*c**2 - 2*c. What is the units digit of n(h)?
1
Let f(n) be the first derivative of 5*n**2 + 110*n - 21. What is the hundreds digit of f(15)?
2
Suppose -17*p + 19*p - 5476 = 0. What is the thousands digit of p?
2
Let i(v) = -290*v**2 + 1. Let x be i(-1). Let k be ((-924)/(-2))/(-11 - (-7 + -5)). Let g = k + x. What is the tens digit of g?
7
Suppose -339*m + 1657643 + 278386 = 0. What is the thousands digit of m?
5
Suppose 2*c - 2*y = -0*y + 202, 4*y = -c + 116. Let d = c + -227. Let f = -72 - d. What is the tens digit of f?
5
Let f(j) = -j**3 + 4*j**2 - j - 10. Let v be f(3). Let d(u) = -3*u**3 - 3*u**2 - 14*u - 19. What is the tens digit of d(v)?
8
Let b be (-4121)/8 - (-1)/8. Let i = b + 837. Suppose 2*u = 2*w - i, 4*w - 721 = u - 71. What is the hundreds digit of w?
1
Let m be 6711/6 + (1 - 9/6). What is the units digit of -3*(m/(-26))/((-2)/(-2))?
9
Suppose -2*m + 18 = m. Suppose 3*f - j + 709 = 0,